*q**2 - 52*q - 226. What is the hundreds digit of g(-8)?
9
Suppose 0 = 2*a + 4*i - 30, -a = 2*a - 4*i - 5. Let q(y) = 823*y - 3. Let j be q(1). Suppose -a*m + 3*m = -j. What is the hundreds digit of m?
2
Suppose -2*x - 3*x + 5*o = 1970, 0 = x + 2*o + 382. Let g = 1120 + x. What is the units digit of g?
0
Let i = 7 - 5. Let t(q) = -8*q**3 + 8*q - 3. Let w(z) = -31*z**3 + 2*z**2 + 34*z - 12. Let v(m) = -9*t(m) + 2*w(m). What is the units digit of v(i)?
1
Suppose -12*m - 52*m + 299008 = 0. What is the hundreds digit of m?
6
Suppose -5*z = -122 + 122. Suppose -5*r + 5 = z, 4*r + 541 - 1565 = -2*s. What is the hundreds digit of s?
5
Let m be 12/4 - (-6)/(24/(-20)). What is the units digit of (7 + 275/(-44))/(m/(-8))?
3
Suppose 5*z = 5*b - 32415, -b - 142*z = -138*z - 6483. What is the tens digit of b?
8
Suppose -3*w = -w - 52. Suppose f + w - 173 = 0. Let i = f - 102. What is the tens digit of i?
4
Suppose -6*y - 12*y = 0. Suppose 5*t - 4*t - 15 = y. Suppose -612 = -t*f + 6*f. What is the tens digit of f?
6
Suppose -22*k - 2*d = -19*k - 75506, k + 5*d = 25173. What is the thousands digit of k?
5
Suppose 0 = 6*r - 2*r - 16, 3*r - 12 = o. Let v be -3 + 0 + (-3)/21*o. What is the units digit of ((-99)/(-4) + v)*(-36)/(-3)?
1
Suppose 60473 = 2*c + 598*z - 601*z, 60480 = 2*c - 4*z. What is the hundreds digit of c?
2
Let v(s) = -363*s + 154. What is the hundreds digit of v(-39)?
3
Suppose -i + 682 + 6608 = -u, 5*i - 4*u = 36449. What is the hundreds digit of i?
2
Let q(a) = -a**3 - 48*a**2 - 29*a - 244. Let c(v) = 2*v**2 + v. Let u(t) = -4*c(t) - q(t). What is the units digit of u(-39)?
0
Suppose 0 = 3*d - 1246 + 1159. Suppose 17*i = d*i - 13260. What is the tens digit of i?
0
Suppose -81 = m + 3*v, 5*m + 365 = -v + 6*v. Let z = 79 + m. Suppose -3 = z*t - 611. What is the tens digit of t?
5
Suppose -16*l + 12*l + 2*y + 12000 = 0, -l + 3010 = -3*y. What is the tens digit of l?
9
Let q = 35350 - 23291. What is the thousands digit of q?
2
Let k(g) = 3*g**2 - 47*g + 49. What is the units digit of k(-43)?
7
Suppose -3351 = -3*a - 3*j, -45*a + 38*a + 7810 = -2*j. What is the hundreds digit of a?
1
Let b(u) = 4*u - 1320 + 0*u + 1318. Let z be b(-3). Let h(a) = a**2 + 10*a - 16. What is the units digit of h(z)?
0
Let k be -2*-2*9/2. Suppose 2*o + 0*o + 16 = 4*n, k = -o + 4*n. Suppose -4*r = o*u - 0*u - 162, 3*u + 5*r - 238 = 0. What is the units digit of u?
1
Let r(j) = 8*j - 46. Let t(q) = q**3 + 15*q**2 + 10*q - 45. Let n(a) = a**2 + a. Let k(c) = 2*n(c) + t(c). Let l be k(-16). What is the tens digit of r(l)?
0
Let y(w) = w + 46. Let k be y(-22). Let l = -16 + k. What is the tens digit of 4/l*68/(-6)*-6?
3
Suppose 5*u - 33 = 22. Let p = u + -9. Suppose 131 + 35 = 3*j - 4*s, 0 = -3*j - p*s + 196. What is the units digit of j?
2
Suppose 0 = 5*p - 0*p + 15, 0 = 3*a - 3*p + 4776. Let b = -17 - a. What is the units digit of 3/(18/b) + -1?
2
Let g = -238 + 112. Let h = g + 369. What is the hundreds digit of h?
2
What is the thousands digit of (-4 + 9 - -2610)/((-1)/(-3))?
7
Suppose -147*c + 76332 + 570702 = -157644. What is the hundreds digit of c?
4
Suppose 9*t - 6526 = 4274. Suppose u + t = 4*g, 5*g + 4*u = 6*u + 1497. Let a = g + -175. What is the units digit of a?
6
Let t = -2957 + 12080. What is the hundreds digit of t?
1
Suppose -5*c = 10, 0 = 20*m - 22*m - c + 2064. Suppose -m = -n + 109. What is the thousands digit of n?
1
Let b(t) = -t**2 + t + 118. Let p be b(0). Let w = 135 + -185. Let g = w + p. What is the units digit of g?
8
What is the tens digit of 36655/3 + (240/9)/(-20)?
1
Suppose -4*h + 4*f = -5*h + 4832, -3*h + 2*f = -14426. What is the thousands digit of h?
4
Let o(d) = 2*d + 52. Let f(c) = -1. Let j(t) = -4*f(t) + o(t). What is the tens digit of j(8)?
7
Let a = -8 - -12. Let n(o) = -o**3 + 108*o**2 + 111*o - 216. Let k be n(109). Suppose -c + 519 = k*q + 2*q, a*q + 3*c = 525. What is the hundreds digit of q?
1
Suppose 0 = -259*z + 251*z - 4736. Let y = 634 + z. What is the units digit of y?
2
Let p(d) = -16*d - 27. Let u be p(-4). Let q = u - -26. Let i = 10 + q. What is the tens digit of i?
7
Let j = 486 + 10731. What is the units digit of j?
7
Let k(b) = 4*b - 8. Let v be (-3 - 22)/(-5) - 2. Let d be k(v). What is the tens digit of 80/100*410/d?
8
Let p be -75 - (0/(-48) - 6/(-1)). Suppose v = -v + 5*u - 66, 5*v + 2*u + 223 = 0. Let r = v - p. What is the units digit of r?
8
Suppose 476*l - 785584 = 47*l + 9305783. What is the hundreds digit of l?
5
Let z(g) = 4*g + 9. Let q be z(-3). Let p be (158*q/(-6))/(-2 - -1). Let m = 136 + p. What is the tens digit of m?
5
Let w(a) = -a**3 + 34*a**2 + 82*a - 186. What is the units digit of w(31)?
9
Suppose 0 = -87*z + 9*z + 199056. What is the thousands digit of z?
2
Let a(x) be the third derivative of 119*x**4/24 - 31*x**3/3 + 10*x**2. What is the hundreds digit of a(5)?
5
Let v = -31 - -21. Let s be ((-8)/v)/((-4)/10 + 0). Let t(w) = -23*w**3 - 2*w**2. What is the hundreds digit of t(s)?
1
Suppose 9*m + 1335 = f + 7*m, -25 = 5*m. What is the thousands digit of f?
1
Let f(w) = 4*w**2 + 47*w + 940. What is the tens digit of f(48)?
1
What is the thousands digit of (-13 - -11) + -3 - -8232?
8
Let r be ((-52)/20 - -3)/(3/15). Let b be (((-21)/14)/(-3))/(r/4). What is the units digit of (13 - -1 - 6)*b/4?
2
Let v(w) = 211*w + 9037. What is the thousands digit of v(18)?
2
Suppose 171*t + 13*t - 8259888 = 28*t. What is the hundreds digit of t?
9
Let v = 143775 - 76116. What is the ten thousands digit of v?
6
Let m be (-3*3/(-18))/(23/(-6854)). Let u(c) = -c**3 - 5*c**2 - 3*c + 2. Let q be u(-3). Let g = q - m. What is the units digit of g?
2
Suppose -29 = -19*m + 66. Suppose -m*p - 1644 = -4084. What is the tens digit of p?
8
Suppose -5*m + 2*m = -c - 11, -m = -3*c - 17. Suppose -5*h + m*s - 208 = -1242, -2*h - 3*s + 406 = 0. What is the units digit of h?
6
Suppose 0*w + 4*w = 0. Let z = 1291 + -1248. Suppose -f + 2*t + 96 + z = w, 2*f - 272 = -2*t. What is the tens digit of f?
3
Suppose -5*d - 30 = 5*q, 7 - 26 = 3*d + 2*q. What is the tens digit of (-1 + 168/d)*-25?
2
Suppose 2*o = -12, 3*o = -116*j + 118*j - 104884. What is the ten thousands digit of j?
5
Suppose -11*y = -6*y. Suppose y = -d + 3*m + 349, -3*m + 9 = -6. What is the tens digit of d?
6
Let n be ((-69349)/21*-3)/1. Suppose 11*r + 1437 = n. What is the tens digit of r?
7
Suppose -m = -2396 + 677. Let f = 3428 - m. What is the thousands digit of f?
1
Suppose 119*k - 4338 = 116*k. Suppose -11*c + 2151 = -k. What is the hundreds digit of c?
3
What is the hundreds digit of (-115)/2*(89540/(-925) + -13 + 1)?
2
Suppose 36*l - 1174150 = 1317914. What is the ten thousands digit of l?
6
Suppose -2*l - 3*l - 57 = -2*a, -3*a = -l - 79. Suppose -a = 5*h - 161. Suppose -3*c + 2*s = -176, h = 5*s + 2. What is the units digit of c?
2
Let o(p) = -p**3 + 3*p**2 - 2*p + 2. Let x be o(2). Suppose 96 + 248 = x*i. Let t = i - -23. What is the hundreds digit of t?
1
Let d(w) = 9*w**2 + 13*w + 155. What is the hundreds digit of d(27)?
0
Let n be 25*(-1 + -4 + 2)/(-1). Suppose c + 0*c + i = n, -5*c - i + 379 = 0. What is the units digit of c?
6
Let h = 1695 + -1644. What is the units digit of h?
1
Suppose 46*j - 54*j - 24 = 0. What is the units digit of (-2 - -693)*((2 - -3) + j)?
2
Let q = -365 - -377. Suppose -4*v - 2*x + 1990 = 0, 14*v = q*v - 4*x + 986. What is the units digit of v?
9
Let y be 125/75 - -1*(-1)/(-3). Suppose -y*b + 3*b - 4*q = 1006, 0 = b - q - 997. What is the units digit of b?
4
Let s = 13 + -35. Let i = s + 38. Suppose 778 = 6*a + i. What is the hundreds digit of a?
1
Suppose -8*q - 120 = -12*q. Let v = -21 + q. Suppose -h - 640 = -v*h. What is the units digit of h?
0
Suppose l - 18 = 3*l + 4*f, 0 = l - 4*f - 3. Let u be ((-15*1)/l)/1. What is the units digit of u/(-7) + (-3924)/(-42)?
3
Let w(t) be the second derivative of -t**3/3 - 20*t**2 - 11*t. Let l be w(-21). Suppose -3*n - 4*u = -126, 2*u = n - l*n + 40. What is the tens digit of n?
4
Suppose 333792 = 21*t + 5*t - 95598. What is the tens digit of t?
1
Let z = -257 - -157. Let h = -14 - z. Suppose -q = -5*u - 36, -4*q + 2*q - 4*u = -h. What is the units digit of q?
1
Suppose 0 = 14*w - 22 - 76. Suppose -3*h + w*h - 12 = 0, 4*j - 1464 = 4*h. What is the hundreds digit of j?
3
Suppos